16?
0
-1002 (base 4) to base 15
-46
What is -9 (base 10) in base 14?
-9
102 (base 7) to base 15
36
Convert 15 (base 13) to base 10.
18
What is -1 (base 12) in base 14?
-1
Convert 4 (base 14) to base 7.
4
1 (base 6) to base 10
1
What is 10110101 (base 2) in base 6?
501
What is -220 (base 4) in base 7?
-55
Convert 0 (base 3) to base 11.
0
11 (base 16) to base 2
10001
What is 3 (base 13) in base 11?
3
Convert 5 (base 6) to base 3.
12
Convert -1b (base 12) to base 16.
-17
-15 (base 14) to base 3
-201
Convert -6 (base 10) to base 8.
-6
What is -267 (base 8) in base 9?
-223
What is -11 (base 5) in base 11?
-6
What is -12200 (base 3) in base 10?
-153
Convert -12 (base 8) to base 11.
-a
What is -3 (base 4) in base 12?
-3
What is 4 (base 15) in base 7?
4
What is 2112 (base 5) in base 9?
343
Convert 2 (base 9) to base 4.
2
-10 (base 3) to base 5
-3
What is 5 (base 13) in base 10?
5
Convert -101010 (base 3) to base 7.
-540
-1010010 (base 2) to base 9
-101
What is -14 (base 5) in base 15?
-9
-46 (base 13) to base 15
-3d
Convert -157 (base 9) to base 6.
-341
Convert 0 (base 14) to base 6.
0
What is -111 (base 3) in base 9?
-14
What is 1 (base 3) in base 13?
1
Convert 64 (base 10) to base 3.
2101
Convert 314 (base 5) to base 9.
103
What is 11 (base 7) in base 6?
12
Convert -301 (base 7) to base 10.
-148
What is -216 (base 9) in base 13?
-108
What is -2e (base 15) in base 10?
-44
Convert -14 (base 8) to base 7.
-15
What is -118 (base 12) in base 3?
-20002
Convert 2 (base 12) to base 4.
2
Convert 2 (base 8) to base 11.
2
-10 (base 6) to base 16
-6
16 (base 16) to base 13
19
Convert -49 (base 11) to base 10.
-53
What is 2 (base 15) in base 6?
2
10120 (base 3) to base 12
80
-b (base 13) to base 7
-14
Convert -40 (base 8) to base 4.
-200
What is -20 (base 3) in base 9?
-6
What is 102 (base 3) in base 13?
b
Convert -15 (base 7) to base 13.
-c
Convert 0 (base 6) to base 15.
0
Convert -3 (base 15) to base 8.
-3
What is 320 (base 5) in base 7?
151
221 (base 3) to base 10
25
Convert 3 (base 6) to base 9.
3
Convert 70 (base 8) to base 13.
44
Convert 2 (base 11) to base 15.
2
3 (base 10) to base 15
3
5 (base 11) to base 14
5
Convert 11 (base 7) to base 4.
20
0 (base 16) to base 13
0
What is 0 (base 2) in base 8?
0
What is 21 (base 3) in base 14?
7
What is -23 (base 4) in base 13?
-b
a (base 14) to base 4
22
Convert 118 (base 15) to base 13.
161
What is 60 (base 7) in base 2?
101010
What is -3 (base 8) in base 4?
-3
What is -54 (base 14) in base 12?
-62
What is -31 (base 4) in base 8?
-15
0 (base 9) to base 4
0
-38 (base 11) to base 7
-56
What is 6 (base 12) in base 4?
12
What is 1111101 (base 2) in base 11?
104
What is 1100 (base 3) in base 8?
44
Convert -4 (base 7) to base 10.
-4
Convert -11010 (base 2) to base 12.
-22
What is 0 (base 15) in base 11?
0
Convert 102 (base 3) to base 14.
b
Convert -1 (base 16) to base 15.
-1
What is -205 (base 6) in base 10?
-77
What is -61 (base 9) in base 2?
-110111
Convert -101 (base 2) to base 11.
-5
What is 31 (base 8) in base 7?
34
Convert 1 (base 5) to base 6.
1
15 (base 9) to base 10
14
Convert 1102 (base 4) to base 6.
214
-4 (base 12) to base 4
-10
What is -131 (base 4) in base 8?
-35
Convert 1311 (base 4) to base 11.
a7
-4 (base 9) to base 13
-4
Convert -3 (base 8) to base 14.
-3
Convert -73 (base 13) to base 9.
-114
What is -11 (base 6) in base 14?
-7
Convert -1 (base 14) to base 16.
-1
-36 (base 11) to base 8
-47
-1 (base 13) to base 12
-1
What is -68 (base 11) in base 15?
-4e
What is 13 (base 16) in base 10?
19
62 (base 14) to base 15
5b
0 (base 11) to base 9
0
314 (base 7) to base 2
10011110
What is -13b (base 12) in base 15?
-cb
What is -3 (base 5) in base 13?
-3
1332 (base 4) to base 6
330
What is -1 (base 16) in base 2?
-1
9 (base 15) to base 8
11
-30 (base 14) to base 13
-33
18 (base 11) to base 13
16
Convert -e1 (base 15) to base 3.
-21211
Convert 63 (base 7) to base 9.
50
What is -20 (base 5) in base 16?
-a
Convert -1 (base 6) to base 13.
-1
What is 0 (base 12) in base 8?
0
What is 43 (base 5) in base 6?
35
What is 101 (base 4) in base 5?
32
What is 3 (base 11) in base 15?
3
Convert 1 (base 6) to base 2.
1
-1 (base 12) to base 8
-1
Convert 2 (base 15) to base 7.
2
What is 3 (base 5) in base 3?
10
17 (base 15) to base 3
211
-3 (base 9) to base 12
-3
What is 232 (base 7) in base 11?
100
What is -26 (base 11) in base 16?
-1c
What is -5 (base 12) in base 4?
-11
What is -2000 (base 3) in base 12?
-46
-1323 (base 4) to base 5
-443
-2 (base 14) to base 10
-2
What is 4 (base 7) in base 16?
4
What is -110101 (base 2) in base 4?
-311
Convert -2 (base 12) to base 13.
-2
Convert -48 (base 13) to base 4.
-330
What is -260 (base 7) in base 13?
-aa
Convert 2 (base 14) to base 16.
2
Convert -1000 (base 2) to base 3.
-22
Convert -2 (base 6) to base 4.
-2
1000100 (base 2) to base 4
1010
Convert 4b (base 15) to base 13.
56
-11111 (base 2) to base 7
-43
What is 100 (base 4) in base 3?
121
20 (base 9) to base 7
24
Convert 7 (base 8) to base 7.
10
-303 (base 4) to base 9
-56
Convert 2400 (base 5) to base 2.
101011110
What is -101 (base 8) in base 9?
-72
4 (base 6) to base 16
4
13 (base 4) to base 15
7
What is -79 (base 12) in base 14?
-69
Convert -212 (base 6) to base 10.
-80
What is a (base 12) in base 7?
13
What is -1 (base 12) in base 14?
-1
What is 12 (base 7) in base 9?
10
Convert -8d (base 16) to base 6.
-353
-112 (base 3) to base 5
-24
Convert -3 (base 13) to base 12.
-3
Convert -423 (base 5) to base 16.
-71
Convert 2 (base 8) to base 4.
2
Convert 1031 (base 4) to base 10.
77
Convert 8 (base 13) to base 9.
8
-35 (base 10) to base 14
-27
What is -1 (base 10) in base 16?
-1
What is -187 (base 10) in base 6?
-511
a4 (base 16) to base 4
2210
Convert -1 (base 7) to base 6.
-1
98 (base 15) to base 10
143
-2100 (base 3) to base 16
-3f
-10 (base 3) to base 2
-11
4 (base 6) to base 14
4
Convert -9 (base 13) to base 12.
-9
What is 8 (base 11) in base 13?
8
What is -5 (base 9) in base 6?
-5
What is -73 (base 11) in base 2?
-1010000
-157 (base 11) to base 7
-351
-10 (base 2) to base 14
-2
What is 1010101 (base 2) in base 14?
61
-11 (base 2) to base 11
-3
-14 (base 14) to base 3
-200
-4a (base 15) to base 13
-55
Convert 5 (base 6) to base 8.
5
What is -1 (base 14) in base 7?
-1
Convert -50 (base 7) to base 12.
-2b
-11 (base 2) to base 12
-3
Convert -2 (base 9) to base 2.
-10
What is -131 (base 4) in base 12?
-25
What is -3b (base 12) in base 3?
-1202
Convert bd (base 14) to base 4.
2213
What is -101 (base 3) in base 10?
-10
0 (base 6) to base 7
0
-52 (base 8) to base 14
-30
What is 2 (base 16) in base 3?
2
What is -1e (base 16) in base 2?
-11110
131 (base 5) to base 10
41
Convert 0 (base 8) to base 3.
0
What is -10 (base 5) in base 3?
-12
What is -161 (base 7) in base 11?
-84
What is -ac (base 13) in base 10?
-142
What is 20 (base 3) in base 4?
12
1010 (base 2) to base 16
a
152 (base 8) to base 11
97
What is -4a (base 15) in base 6?
-154
What is 6 (base 11) in base 15?
6
What is -15 (base 7) in base 3?
-110
Convert -a (base 13) to base 2.
-1010
2 (base 7) to base 4
2
What is -2 (base 15) in base 7?
-2
What is -72 (base 16) in base 10?
-114
What is 2 (base 13) in base 11?
2
What is -11 (base 4) in base 11?
-5
-1 (base 8) to base 7
-1
203 (base 4) to base 3
1022
Convert -2 (base 4) to base 8.
-2
What is -10 (base 10) in base 2?
-1010
What is -39 (base 13) in base 2?
-110000
Convert -4 (base 5) to base 8.
-4
5 (base 10) to base 13
5
What is 8 (base 12) in base 3?
22
-4 (base 11) to base 5
-4
What is 8 (base 11) in base 9?
8
Convert -14 (base 8) to base 9.
-13
-43 (base 11) to base 3
-1202
Convert -149 (base 14) to base 5.
-2021
What is -2 (base 4) in base 12?
-2
5 (base 12) to base 5
10
Convert -1 (base 4) to base 9.
-1
-e (base 15) to base 16
-e
6 (base 9) to base 12
6
What is 3 (base 7) in base 13?
3
-101 (base 6) to base 5
-122
What is -100 (base 3) in base 10?
-9
2b (base 16) to base 4
223
Convert -50 (base 6) to base 3.
-1010
-6 (base 16) to base 2
-110
-1010 (base 2) to base 5
-20
-20 (base 8) to base 6
-24
What is 24 (base 8) in base 4?
110
Convert -20a (base 11) to base 10.
-252
Convert 123 (base 7) to base 11.
60
13 (base 5) to base 12
8
What is -11 (base 2) in base 12?
-3
What is -11 (base 14) in base 15?
-10
Convert -7 (base 10) to 